
22
What is the remainder when 4286 is divided by 133?
30
Calculate the remainder when 1255 is divided by 771.
484
What is the remainder when 18415 is divided by 655?
75
What is the remainder when 3295 is divided by 377?
279
Calculate the remainder when 66833 is divided by 44.
41
What is the remainder when 7261 is divided by 1729?
345
Calculate the remainder when 453989 is divided by 706.
31
What is the remainder when 1795 is divided by 447?
7
What is the remainder when 12049 is divided by 5?
4
What is the remainder when 1834 is divided by 171?
124
What is the remainder when 252685 is divided by 50532?
25
Calculate the remainder when 283298 is divided by 31477.
5
Calculate the remainder when 6370 is divided by 1112.
810
What is the remainder when 13319 is divided by 37?
36
Calculate the remainder when 199367 is divided by 66451.
14
Calculate the remainder when 39 is divided by 9.
3
Calculate the remainder when 6167 is divided by 1210.
117
Calculate the remainder when 1151 is divided by 43.
33
Calculate the remainder when 2493 is divided by 3.
0
What is the remainder when 371710 is divided by 1770?
10
What is the remainder when 23964 is divided by 150?
114
What is the remainder when 13223 is divided by 556?
435
What is the remainder when 2746 is divided by 163?
138
Calculate the remainder when 48683 is divided by 89.
0
What is the remainder when 89923 is divided by 1058?
1051
Calculate the remainder when 3346 is divided by 234.
70
What is the remainder when 8388 is divided by 4155?
78
Calculate the remainder when 117200 is divided by 22.
6
What is the remainder when 6499 is divided by 1050?
199
Calculate the remainder when 1427030 is divided by 232.
230
Calculate the remainder when 424 is divided by 333.
91
Calculate the remainder when 10986 is divided by 48.
42
What is the remainder when 542673 is divided by 77524?
5
What is the remainder when 915839 is divided by 17?
15
What is the remainder when 8584 is divided by 778?
26
What is the remainder when 2502 is divided by 402?
90
What is the remainder when 16975 is divided by 30?
25
Calculate the remainder when 993581 is divided by 49.
8
Calculate the remainder when 4292 is divided by 60.
32
Calculate the remainder when 9220 is divided by 9207.
13
Calculate the remainder when 3365 is divided by 1334.
697
What is the remainder when 6888 is divided by 690?
678
What is the remainder when 814440 is divided by 7082?
10
Calculate the remainder when 42931 is divided by 894.
19
What is the remainder when 9878 is divided by 115?
103
What is the remainder when 6431 is divided by 748?
447
Calculate the remainder when 98555 is divided by 8.
3
Calculate the remainder when 514315 is divided by 514298.
17
What is the remainder when 15157 is divided by 3786?
13
What is the remainder when 13909 is divided by 27?
4
Calculate the remainder when 233597 is divided by 160.
157
What is the remainder when 63740 is divided by 61?
56
What is the remainder when 958 is divided by 322?
314
What is the remainder when 522969 is divided by 438?
435
Calculate the remainder when 35588 is divided by 35514.
74
What is the remainder when 8639 is divided by 133?
127
What is the remainder when 71894 is divided by 76?
74
What is the remainder when 857905 is divided by 556?
553
What is the remainder when 11 is divided by 7?
4
Calculate the remainder when 8332 is divided by 253.
236
What is the remainder when 12601 is divided by 22?
17
Calculate the remainder when 2472 is divided by 39.
15
Calculate the remainder when 413608 is divided by 85.
83
What is the remainder when 164931 is divided by 306?
303
What is the remainder when 105959 is divided by 433?
307
What is the remainder when 9363 is divided by 2328?
51
Calculate the remainder when 62292 is divided by 708.
696
What is the remainder when 52459 is divided by 1311?
19
What is the remainder when 3147 is divided by 285?
12
What is the remainder when 8927 is divided by 41?
30
What is the remainder when 8332 is divided by 2736?
124
What is the remainder when 2936 is divided by 40?
16
What is the remainder when 72713 is divided by 466?
17
What is the remainder when 676 is divided by 307?
62
What is the remainder when 2753869 is divided by 14?
13
What is the remainder when 67296 is divided by 133?
131
What is the remainder when 7675 is divided by 3824?
27
What is the remainder when 85791 is divided by 1210?
1091
Calculate the remainder when 3733 is divided by 157.
122
Calculate the remainder when 14227 is divided by 51.
49
What is the remainder when 9829 is divided by 1091?
10
What is the remainder when 1178694 is divided by 595?
594
Calculate the remainder when 27752 is divided by 91.
88
Calculate the remainder when 12900 is divided by 8.
4
What is the remainder when 1006101 is divided by 335367?
0
What is the remainder when 6807 is divided by 6558?
249
Calculate the remainder when 565 is divided by 35.
5
What is the remainder when 1797640 is divided by 77?
75
Calculate the remainder when 26102 is divided by 466.
6
Calculate the remainder when 66191 is divided by 67.
62
What is the remainder when 442489 is divided by 235?
219
What is the remainder when 3722 is divided by 120?
2
What is the remainder when 76099 is divided by 435?
409
Calculate the remainder when 137613 is divided by 67.
62
What is the remainder when 50076 is divided by 837?
693
What is the remainder when 11885 is divided by 73?
59
What is the remainder when 1532 is divided by 1530?
2
What is the remainder when 5478 is divided by 454?
30
What is the remainder when 420652 is divided by 52581?
4
Calculate the remainder when 1347 is divided by 195.
177
Calculate the remainder when 65967 is divided by 28.
27
Calculate the remainder when 148 is divided by 10.
8
Calculate the remainder when 16627 is divided by 302.
17
What is the remainder when 37728 is divided by 767?
145
What is the remainder when 39366 is divided by 254?
250
Calculate the remainder when 37840 is divided by 12604.
28
Calculate the remainder when 99719 is divided by 3988.
19
What is the remainder when 169158 is divided by 339?
336
Calculate the remainder when 1202 is divided by 436.
330
What is the remainder when 3141487 is divided by 55?
52
What is the remainder when 4036 is divided by 4?
0
What is the remainder when 188 is divided by 178?
10
What is the remainder when 6869 is divided by 101?
1
What is the remainder when 7144248 is divided by 149?
145
What is the remainder when 6570 is divided by 21?
18
Calculate the remainder when 1709698 is divided by 695.
693
Calculate the remainder when 26206 is divided by 10.
6
What is the remainder when 3310 is divided by 8?
6
What is the remainder when 99483 is divided by 308?
307
What is the remainder when 82044 is divided by 82040?
4
Calculate the remainder when 8516 is divided by 1697.
31
What is the remainder when 65776 is divided by 1934?
20
What is the remainder when 17892 is divided by 3572?
32
What is the remainder when 75437 is divided by 22?
21
What is the remainder when 41716 is divided by 4606?
262
What is the remainder when 3654 is divided by 741?
690
Calculate the remainder when 67324 is divided by 289.
276
Calculate the remainder when 1634 is divided by 1364.
270
What is the remainder when 2638 is divided by 1206?
226
What is the remainder when 196073 is divided by 607?
12
Calculate the remainder when 938 is divided by 743.
195
What is the remainder when 52900 is divided by 17?
13
Calculate the remainder when 8144 is divided by 1692.
1376
What is the remainder when 445830 is divided by 82?
78
What is the remainder when 7485 is divided by 67?
48
Calculate the remainder when 8752 is divided by 352.
304
What is the remainder when 1371919 is divided by 417?
406
What is the remainder when 815 is divided by 20?
15
Calculate the remainder when 590889 is divided by 529.
525
Calculate the remainder when 892833 is divided by 21.
18
What is the remainder when 3399 is divided by 610?
349
What is the remainder when 355618 is divided by 60?
58
Calculate the remainder when 58202 is divided by 25.
2
Calculate the remainder when 187203 is divided by 1783.
1771
Calculate the remainder when 1792674 is divided by 5.
4
Calculate the remainder when 29134 is divided by 1248.
430
What is the remainder when 19314 is divided 